/6. Let q = -54 - u. Let h = q + 172. What is the greatest common divisor of 14 and h?
14
Suppose -7142 = -2*p + 4*y - 1480, -8 = -4*y. Calculate the highest common divisor of 15 and p.
15
Let g = -375 - -639. Suppose -47*b = -50*b + g. What is the highest common divisor of 8 and b?
8
Suppose -91 = -x - 0*p - p, 2*p = -4. Let u = 36 + 26. Calculate the greatest common factor of x and u.
31
Let y be (-118)/(-5) + 8/20. Calculate the greatest common divisor of y and 456.
24
Suppose -16 - 8 = -6*v. Let m be 7/(-28) - (-153)/v. Suppose 0 = 4*f - 18 - m. Calculate the greatest common divisor of f and 14.
14
Let u(d) be the first derivative of -d**2 + 28*d + 2. Let i be u(11). What is the highest common divisor of i and 2?
2
Suppose 133*i + 264 = 139*i. Calculate the greatest common divisor of i and 308.
44
Suppose -22*j - 1288 = -24*j. What is the highest common divisor of 184 and j?
92
Suppose 5*j + j + 36 = 0. Let l = j + 15. What is the highest common divisor of l and 81?
9
Suppose 3*f - 104 = -23. Let s be (-3 + 5 + (f - -1))/1. What is the greatest common divisor of 10 and s?
10
Suppose q = 4*q + 18. Let i(m) = m**3 + 6*m**2 + 4. Let k be i(q). What is the highest common factor of k and 16?
4
Suppose -4*h - 3*a = -63, -64*a + 66*a = -3*h + 46. Let x be -4*(0 - (0 + 1)). What is the greatest common factor of h and x?
4
Let c be 145 + 0/((-5)/(-5)). Let n = 280 - c. What is the greatest common divisor of n and 15?
15
Suppose -4*r - 4*x = -5*r + 31, 2*r - 4*x = 46. Let i be (r*(2 + -3))/(3/(-4)). What is the greatest common factor of 40 and i?
20
Suppose 0 = 6*j + 5*j - 187. What is the highest common divisor of j and 272?
17
Let g = 215 + -141. Calculate the greatest common divisor of 333 and g.
37
Let i(d) = 14*d**2 + 3*d - 28. Let u be i(4). Calculate the greatest common factor of u and 32.
16
Let n = -22 - -43. Let z be 6/(30/(-25))*-1. Suppose z*p - 5*a = 615, -2*p + n = a - 216. Calculate the greatest common factor of 15 and p.
15
Suppose -3*f + 781 = 4*b, -3 + 0 = 3*f. What is the greatest common factor of 28 and b?
28
Let t = 97 + -69. Suppose 5*s + 5*b - 18 = 47, -5*b - 71 = -3*s. Let a = 95 + s. Calculate the greatest common factor of t and a.
28
Let s = -64 - -67. Suppose -s*c + 2*h = -132, -4*c + 0*c - 4*h = -156. What is the highest common divisor of c and 6?
6
Let g = -6 + 8. Let x be 4*g*7/4. Suppose 435 = -4*y + 5*i + 903, 3*y = i + 340. What is the greatest common factor of y and x?
14
Let g(u) = 189*u + 11. Let n be g(1). What is the highest common factor of n and 40?
40
Suppose 36*a - 29*a - 42 = 0. Let u(f) = -f**3 + 4*f**2 + 6*f + 7. Let y be u(5). What is the highest common factor of a and y?
6
Suppose b = 2*b - 128. Let g be 3 + (-3)/(-3) + 1. Suppose g*o - b = 72. What is the highest common factor of 100 and o?
20
Let j(u) = 4*u + 214. Let t be j(0). Suppose t + 36 = 5*g. Calculate the greatest common factor of 10 and g.
10
Let z = -138 + 38. Let p = 102 + z. Let u(x) = 5*x**2 - 3*x + 2. Let b be u(2). What is the highest common divisor of p and b?
2
Let w(r) = -r**2 + 15*r - 12. Suppose -k - 51 = -5*t, -2*t - 3*t + 43 = -3*k. Let a be w(t). What is the greatest common divisor of a and 256?
32
Suppose 0 = k - 7*k + 12. Suppose r + r + k = 0, 5*z = 4*r - 16. Let f be 462/119 - z/34. What is the highest common factor of 32 and f?
4
Let i(o) = -o**3 + 13*o**2 - 26*o + 25. Suppose q + 3*q = 5*h - 70, 4*h - 2*q = 50. Let x be i(h). What is the highest common divisor of 26 and x?
13
Let l be 1/(-3) - (-21)/9. Let b = 2 - -1. Suppose l*t = 15 - b. What is the greatest common divisor of 42 and t?
6
Suppose 0 = -2*g + 2*x - 166, -x + 178 = -2*g - 2*x. Let q = g - -105. Calculate the highest common divisor of 9 and q.
9
Let l = -4 - -8. Let b be 221/26 + (-2)/l. Let x be (-3)/(45/10)*-96. Calculate the highest common divisor of x and b.
8
Suppose 4*p = 110 + 6. Let y be 7/((-13)/(-585)*(1 + 0)). Let f = -83 + y. Calculate the highest common factor of p and f.
29
Suppose -q + 3*m + 6 = -6*q, 5*q + 5*m = 0. Let h be (-3)/q - (10 - 1). Let r be (-254)/(-4) - (-4)/h. What is the greatest common divisor of r and 9?
9
Let c be -3*(-3)/9*4. Suppose 2*o = c - 8. Let t = 29 + o. Calculate the greatest common factor of t and 18.
9
Suppose 2*t = -t + 147. Calculate the greatest common divisor of 28 and t.
7
Let l(z) = 140*z**3 + 10*z - 10. Let w be l(1). Calculate the highest common divisor of w and 100.
20
Suppose 3*f + 3 = -4*k, k + 3*f + 2 = -1. Let o(i) = i + 7. Let l be o(15). Let c = l - k. What is the highest common divisor of 176 and c?
22
Let i = 57 + -38. Suppose 2*x + 104 = 5*k + x, 0 = 4*k + 3*x - 87. Suppose 22*u - k*u - 76 = 0. What is the highest common factor of u and i?
19
Let b = 924 + -891. What is the highest common factor of 352 and b?
11
Let a be 614/7 - (-4)/14. Let p(y) = y**3 - 5*y**2 + 2*y - 14. Let i be p(6). Let g = -12 + i. What is the greatest common factor of a and g?
22
Suppose -o - j + 5 = 0, -4*o + 6*o + 3*j - 9 = 0. Let a(q) = -6*q - 2 + q**2 + 0 + 5. Let v be a(o). Calculate the highest common divisor of v and 3.
3
Suppose p - 5*k = 94, 5*k - 128 - 54 = -3*p. Let j = -22 + 68. What is the highest common divisor of j and p?
23
Let v(r) be the second derivative of r**3/3 - 4*r**2 - r. Let j be v(4). Let b be (-5 + j)*216/(-10). Calculate the greatest common factor of 12 and b.
12
Let c = -1026 - -1031. Suppose -3*b + 0*b + 57 = 0. Suppose 4*w = -m + b, 6*w - 3*w = -c*m + 27. What is the highest common divisor of w and 12?
4
Let a be 845/11 - (-4)/88*4. Suppose -4*r = -h + 2*h - a, -29 = -r + 3*h. Calculate the highest common factor of 40 and r.
20
Let v = -35 - -83. Suppose -s = -3*a, 0*s + 2*s - 4*a = 4. Calculate the greatest common divisor of s and v.
6
Let s(q) = q**3 + 6*q**2 + 2*q + 7. Let z be s(-6). Let n be (-9)/15 - (-7)/z. Let p = 13 + n. What is the greatest common divisor of p and 121?
11
Let f(x) = -18*x + 130. Let o be f(5). Let g = -1 - -9. What is the highest common divisor of o and g?
8
Suppose 0 = 12*d - 223 + 103. Calculate the greatest common divisor of d and 230.
10
Let l be (-3)/(-1) - (-7)/(21/(-153)). Let x = l - -88. Calculate the greatest common factor of 8 and x.
8
Suppose -4*y - 5*v + 48 = 0, 0*v = -v - 4. Let a = y + -17. Suppose x + 3*x - 336 = a. What is the highest common divisor of x and 12?
12
Let z(u) = 11*u - 14. Let m be z(14). Suppose 5*o = 65 + 95. Suppose -3*f + o = -2*b, -5*f + 4*b + 0*b = -50. Calculate the highest common divisor of f and m.
14
Let w = 67 - 35. Let g = 34 - w. Let l(y) = 6*y**3 + 4*y**2 - 7*y + 5. Let z be l(g). What is the greatest common factor of z and 5?
5
Let x be (-8)/3*(-6)/4. Let u be (21/28)/(1/x). Suppose 0 = -3*y - a + 70, -2*a - 34 = -y + u*a. Calculate the highest common factor of 120 and y.
24
Let c(u) = 135*u - 106. Let m be c(2). Calculate the greatest common factor of 60 and m.
4
Suppose -3 = 3*y - 4*k - 1, 2*y + 3*k = 10. Let r = 13 - 11. Suppose w - 8 = -r*o, w + o - 4*o = -y. What is the highest common factor of w and 36?
4
Suppose 4*v - 3 = 93. Let n be (-1)/(-4)*(v + -4). Suppose 0 = 5*c - 10 - n. Calculate the highest common factor of c and 9.
3
Let a = -150 + 213. Let r be (a/6)/(2/4). Calculate the highest common factor of r and 189.
21
Let y be 2/(-1 + 3/2). Suppose 4*a + 4*p = 4, y*a - 3*p = -p + 16. What is the greatest common factor of 33 and a?
3
Let k(n) = -3*n**3 + 4*n**2 - n - 2. Let m be k(3). Let r = 120 + m. Calculate the greatest common factor of 14 and r.
14
Let k = -138 - -155. What is the highest common factor of k and 119?
17
Suppose 275 = 7*r - 2*r. Suppose -5*a + r = -25. Let z be -1 - (-6)/(6/65). What is the greatest common factor of z and a?
16
Suppose -3*r + 6 + 1 = 4*l, -3*r = 3*l - 3. Let m be 3*(-2)/6*(1 + -58). Let b = 89 - m. Calculate the highest common divisor of b and l.
4
Let s be (-11)/(27/63*(-1)/15). Calculate the greatest common factor of 110 and s.
55
Let i be 14/(-3) - (-2)/3. Let m be (-2)/8 - 21/i. Let b be (-1)/(-2) + m/2. Calculate the greatest common factor of b and 27.
3
Suppose 0 = -a - 6*z + 4*z + 41, 2*z + 265 = 5*a. Let s be ((-119)/28)/(1/(-24)). Suppose -7*b + s = -4*b. Calculate the greatest common factor of b and a.
17
Let q be (-1907)/(-7) + 72/126. Calculate the highest